{"id":10,"date":"2020-12-12T14:35:58","date_gmt":"2020-12-12T14:35:58","guid":{"rendered":"https:\/\/beemagic.asia\/?page_id=10"},"modified":"2021-12-27T19:17:02","modified_gmt":"2021-12-27T19:17:02","slug":"blog","status":"publish","type":"page","link":"https:\/\/beemagic.asia\/?page_id=10","title":{"rendered":"BLOG"},"content":{"rendered":"\n<p><strong>\u00dcBER LAOS (KOMMT BALD MEHR INHALT)<\/strong><\/p>\n\n\n\n<div class=\"wp-block-columns is-layout-flex wp-container-core-columns-is-layout-1 wp-block-columns-is-layout-flex\">\n<div class=\"wp-block-column is-layout-flow wp-block-column-is-layout-flow\" style=\"flex-basis:25%\">\n<h5 class=\"wp-block-heading\">Laos ist ein bisschen das vergessene Land in S\u00fcdostasien.<\/h5>\n<\/div>\n\n\n\n<div class=\"wp-block-column is-layout-flow wp-block-column-is-layout-flow\" style=\"flex-basis:50%\">\n<figure class=\"wp-block-image size-large\"><img loading=\"lazy\" decoding=\"async\" width=\"1024\" height=\"683\" src=\"https:\/\/beemagic.asia\/wp-content\/uploads\/2020\/12\/laos-vientiane-buddha-park-1024x683.jpg\" alt=\"\" class=\"wp-image-141\" srcset=\"https:\/\/beemagic.asia\/wp-content\/uploads\/2020\/12\/laos-vientiane-buddha-park-1024x683.jpg 1024w, https:\/\/beemagic.asia\/wp-content\/uploads\/2020\/12\/laos-vientiane-buddha-park-300x200.jpg 300w, https:\/\/beemagic.asia\/wp-content\/uploads\/2020\/12\/laos-vientiane-buddha-park-768x512.jpg 768w, https:\/\/beemagic.asia\/wp-content\/uploads\/2020\/12\/laos-vientiane-buddha-park-1536x1024.jpg 1536w, https:\/\/beemagic.asia\/wp-content\/uploads\/2020\/12\/laos-vientiane-buddha-park-2048x1366.jpg 2048w, https:\/\/beemagic.asia\/wp-content\/uploads\/2020\/12\/laos-vientiane-buddha-park-600x400.jpg 600w, https:\/\/beemagic.asia\/wp-content\/uploads\/2020\/12\/laos-vientiane-buddha-park-450x300.jpg 450w\" sizes=\"(max-width: 1024px) 100vw, 1024px\" \/><\/figure>\n<\/div>\n\n\n\n<div class=\"wp-block-column is-layout-flow wp-block-column-is-layout-flow\" style=\"flex-basis:25%\">\n<p>Laos liegt nicht am Meer, Laos hat keine pulsierenden St\u00e4dte.<\/p>\n\n\n\n<p>Klingt jetzt alles nicht so aufregend, was? Ist es aber! Laos ist das perfekte Reiseziel f\u00fcr alle, die S\u00fcdostasien abseits der Touristenmassen entdecken wollen.<\/p>\n\n\n\n<p>Das Land entschleunigt, macht Spa\u00df und zu entdecken gibt es auch einiges<\/p>\n<\/div>\n<\/div>\n\n\n<ul class=\"wp-block-latest-posts__list wp-block-latest-posts\"><li><a class=\"wp-block-latest-posts__post-title\" href=\"https:\/\/beemagic.asia\/?p=423\">Start der Bibliothek\/Library im Ponsa-ath Village in Laos<\/a><\/li>\n<li><a class=\"wp-block-latest-posts__post-title\" href=\"https:\/\/beemagic.asia\/?p=1\">(kein Titel)<\/a><\/li>\n<\/ul>","protected":false},"excerpt":{"rendered":"<p>\u00dcBER LAOS (KOMMT BALD MEHR INHALT) Laos ist ein bisschen das vergessene Land in S\u00fcdostasien. Laos liegt nicht am Meer, Laos hat keine pulsierenden St\u00e4dte. Klingt jetzt alles nicht so aufregend, was? Ist es aber! Laos ist das perfekte Reiseziel f\u00fcr alle, die S\u00fcdostasien abseits der Touristenmassen entdecken wollen. Das Land entschleunigt, macht Spa\u00df und zu entdecken gibt es auch&#8230;<\/p>\n<p><a class=\"more-link\" href=\"https:\/\/beemagic.asia\/?page_id=10\">Read More<\/a><\/p>","protected":false},"author":1,"featured_media":0,"parent":0,"menu_order":0,"comment_status":"closed","ping_status":"closed","template":"","meta":{"give_campaign_id":0,"footnotes":""},"campaignId":"","jetpack_sharing_enabled":true,"_links":{"self":[{"href":"https:\/\/beemagic.asia\/index.php?rest_route=\/wp\/v2\/pages\/10"}],"collection":[{"href":"https:\/\/beemagic.asia\/index.php?rest_route=\/wp\/v2\/pages"}],"about":[{"href":"https:\/\/beemagic.asia\/index.php?rest_route=\/wp\/v2\/types\/page"}],"author":[{"embeddable":true,"href":"https:\/\/beemagic.asia\/index.php?rest_route=\/wp\/v2\/users\/1"}],"replies":[{"embeddable":true,"href":"https:\/\/beemagic.asia\/index.php?rest_route=%2Fwp%2Fv2%2Fcomments&post=10"}],"version-history":[{"count":6,"href":"https:\/\/beemagic.asia\/index.php?rest_route=\/wp\/v2\/pages\/10\/revisions"}],"predecessor-version":[{"id":429,"href":"https:\/\/beemagic.asia\/index.php?rest_route=\/wp\/v2\/pages\/10\/revisions\/429"}],"wp:attachment":[{"href":"https:\/\/beemagic.asia\/index.php?rest_route=%2Fwp%2Fv2%2Fmedia&parent=10"}],"curies":[{"name":"wp","href":"https:\/\/api.w.org\/{rel}","templated":true}]}}